0 = 3*v + 3*t + 9, v - 5 = 4*v + t. Is (v + 105/12)*4 composite?
False
Suppose 0 = -4*k + 2*i + 78, 3*k - 4*i = -2*i + 57. Let b = 14 - 22. Let y = b + k. Is y composite?
False
Let v = 160 - 73. Let s = -11 - -20. Suppose 2*t + s = v. Is t a composite number?
True
Let q = -4 + 2. Let c be (-646)/9 - q/(-9). Let s = 5 - c. Is s composite?
True
Suppose y + 1675 = 6*y. Is y a prime number?
False
Let b(v) = v**3 + 4*v**2 + 2*v - 1. Let c be b(-2). Is 154/c - (-4)/(-12) a composite number?
True
Let o(a) = a**3 - 4*a**2 - 8*a - 7. Let s be o(-6). Let p = -108 - s. Is p a prime number?
True
Suppose -3*d - 283 - 202 = -5*l, 4*l - 388 = -4*d. Is l a prime number?
True
Suppose a - 2 = s, a = 2*a + 2*s + 4. Suppose -h + a*q - 4*q = -43, 0 = -5*h + 4*q + 95. Is h composite?
False
Suppose -2*h = -6*h + 12. Suppose -b + 2*j = -22 - h, b - 3*j - 22 = 0. Is b a prime number?
True
Let v = 4 + -6. Let s(f) = -11*f - 3. Is s(v) composite?
False
Suppose 0 = l - 65 - 234. Is l a composite number?
True
Let j be (-4 - 0/4) + -1. Let q(t) = -2*t**3 - 2*t**2 - 2*t + 11. Is q(j) composite?
True
Suppose 5*w - 3*v = 255, 5*v - 54 - 79 = -2*w. Suppose 0*d + w = -d. Is 2 + (-2 - (1 + d)) a prime number?
True
Let z = 123 + -220. Suppose -r + 137 = -5*j - 77, -4*j - 160 = 2*r. Let l = j - z. Is l a prime number?
False
Let f(h) = -12*h - 7. Let c be 2/4 - (-3)/2. Suppose -4*r + 3*s - 10 - 20 = 0, -c = -s. Is f(r) a composite number?
True
Suppose -3*c + 25 = 2*c, 3*s - 83 = 2*c. Is s prime?
True
Suppose 0 = 58*n - 53*n - 9595. Is n a prime number?
False
Let p(g) = -7*g**3 - 1 - 2*g + 0 + 0. Is p(-2) prime?
True
Suppose -4*s + 1114 = -406. Let b = 933 - s. Is b prime?
False
Let c = 315 - 172. Is c a prime number?
False
Let c(x) = 10*x**2 + 5*x + 11. Is c(8) a prime number?
True
Suppose 185 = 4*l - k + 18, 5*l + k - 220 = 0. Suppose 3*v = 142 - l. Is v prime?
False
Let a(k) = k**3 + k**2 - 2*k. Let b be a(4). Suppose h - 3*m + b = 2*h, 3*h - 210 = -3*m. Suppose 4*z - h = 55. Is z a prime number?
True
Let k(h) = 26*h - 5 - 8*h + 110*h. Let s be k(5). Suppose m - 6*m = -s. Is m composite?
False
Let i(q) be the second derivative of -q**5/20 + 2*q**4/3 - 4*q**3/3 - q**2/2 + 9*q. Is i(6) composite?
False
Let z(k) = k**3 + 16*k**2 - 8*k - 22. Is z(-15) composite?
True
Suppose -19*j + 8834 = -5*j. Is j composite?
False
Suppose 0*d = 5*f + 3*d - 163, 0 = -f - 5*d + 15. Is f composite?
True
Let w(i) = 54*i**2 + 8*i - 31. Is w(3) composite?
False
Suppose -5*c - 3*z + 2*z + 15 = 0, 2*z = -5*c + 15. Let d be c + -3 + (2 - -1). Suppose -d*b = -b - 62. Is b prime?
True
Let w = 4 - 4. Suppose -2*u = -4*c + 6, -c + u + 3 - 2 = w. Suppose c*o - 5*o - d = -368, d + 1 = 0. Is o prime?
False
Suppose -10*u = -5*u - 6265. Is u a composite number?
True
Suppose 326 = 3*t + 47. Is t a composite number?
True
Let a = -607 - -1562. Is a prime?
False
Let l = -115 - -174. Is l prime?
True
Let l(k) = -3*k + k - k**2 - 2 + 2*k**2. Let o be l(7). Is o*(1 + 0/(-3)) a prime number?
False
Suppose -f = -3*o + 5 + 27, -2*o = -5*f - 4. Let p = 145 + o. Is p a composite number?
False
Is (7 - 8)*(1 + -12 - -2) composite?
True
Suppose 2*x = 6*x - 376. Is x a composite number?
True
Suppose -7*t = 8*t - 63015. Is t a composite number?
False
Let q = -142 + 91. Let b = 159 - 289. Let r = q - b. Is r prime?
True
Let g be (4/(-6))/((-4)/348). Let i = 83 - g. Is i prime?
False
Let y be (-316)/(-6) + 2/(-3). Let m(u) = 9*u - 2. Let c be m(-3). Let s = c + y. Is s composite?
False
Suppose 1792 - 241 = 11*j. Suppose 3*z - 45 = 177. Let h = j - z. Is h a prime number?
True
Suppose -5 = 3*k - 17. Is (-2 - (3 - k)) + 86 prime?
False
Let m = 344 + 123. Is m a prime number?
True
Let q(o) = o**3 + 6*o**2 - 2*o + 13. Is q(-6) a prime number?
False
Let m(h) = 4*h + 3. Let n(u) = -6*u - 1. Let a be n(-1). Is m(a) composite?
False
Let r = 22 - -29. Suppose 4*z = 33 + r. Is z a composite number?
True
Suppose 3*g = -66 + 243. Let d = g - 28. Is d a prime number?
True
Suppose d = -0*d - 10. Is (5/(d/(-12)))/2 a prime number?
True
Suppose -3*a = -n - 12, -3*a = 2*a - 25. Let p = 7 - 0. Suppose 4*o = -n*k + 4, -2*k + p - 1 = o. Is k a prime number?
False
Let u(q) = 10*q - 63. Is u(15) prime?
False
Suppose -3*a + 6*a + 7 = 5*j, 2*j - 5*a + 1 = 0. Is 2 - 174/(-4 + j) composite?
False
Let p(t) = -204*t - 27. Is p(-5) composite?
True
Suppose -3*v + 20 = 2*v. Suppose 38 = v*k - 150. Is k prime?
True
Suppose 0 = -q - 5*i + 5547, -11948 = -2*q - 3*i - 840. Is q a prime number?
True
Let d(g) = -g**3 + 4*g**2 - g + 1. Is d(3) a prime number?
True
Suppose -3*q + 2*i + 1063 = -388, -3*q + 3*i = -1446. Is q composite?
False
Suppose 3*d - 4*s = 25 + 28, -5*d + 90 = -5*s. Is d a prime number?
True
Let a = -32 + 17. Is 2*a/(-2) + 0 composite?
True
Suppose 0*b + b = -7. Let j(u) be the first derivative of -7*u**2/2 - 10*u + 2. Is j(b) prime?
False
Let k = -2319 - -3601. Suppose -4*s + 274 + k = 0. Is s a composite number?
False
Suppose -190 = -2*l - 2*t, 135 = 2*l + 4*t - 59. Is l a composite number?
True
Let r = -14 - -26. Suppose 14*w - 170 = r*w. Is w a composite number?
True
Let v(c) = 7*c. Let y be v(3). Suppose -4*q = -y - 15. Is q prime?
False
Let f = 2708 + -1173. Suppose -3*n - 366 = -5*v - f, 0 = -3*v + 6. Is n a composite number?
True
Suppose 7 = -4*z - 273. Let v = z + 119. Is v a composite number?
True
Let l(i) = 11*i + 13. Is l(6) a prime number?
True
Let r = 422 - 259. Suppose -4*n + 1177 = -r. Is n prime?
False
Suppose 709 = 2*i - y, 3*y = -i + 316 + 42. Is i composite?
True
Let p be (4/10)/((-3)/(-30)). Suppose -2*y = 4*f + f - 1641, 0 = 4*f - p*y - 1324. Is f a composite number?
True
Suppose -y + 7 = 3*s - 6, s - 55 = -3*y. Is y a prime number?
True
Suppose m + 4 = 8. Let s(p) = p**2 + 14*p + 14. Let n be s(-11). Let d = m - n. Is d composite?
False
Let b(t) = 2*t**2 - 2*t - 2. Let k be b(2). Suppose -k*d = 3*u - u - 84, -5*u - 49 = -2*d. Is d a prime number?
True
Let g(p) = p**2 + 3*p + 7. Let c be 100/15 + 2/6. Let d be c*1/(-2 + 1). Is g(d) prime?
False
Let y(m) = m**3 - 5*m**2 - 11*m + 5. Let k = -22 + 39. Let a = 24 - k. Is y(a) a prime number?
False
Let r(y) = -34*y + 5. Let a be r(6). Suppose 480 = -4*x + 3*u, 0*x + 5*u - 240 = 2*x. Let i = x - a. Is i composite?
False
Let l be 5/2 - 3/(-6). Suppose 0 = -4*v + 4, -l*w + v + 485 = -3*v. Is w composite?
False
Suppose 2*l - 76 = 368. Let o = -153 + l. Is o a composite number?
True
Suppose c - 124 = -c - 2*d, 2*c + 4*d - 114 = 0. Is c a composite number?
False
Is (-2)/(-3) - (-126239)/123 a composite number?
True
Let o(x) = x**3 + 6*x**2 - x - 4. Let y be o(-6). Suppose -z = -y*z + 5. Suppose 2*t = 3*a - 99, 0*t - z*t - 46 = -a. Is a prime?
True
Let n(o) = -10*o + 1. Suppose -4*f + 44 = -8*f. Is n(f) a composite number?
True
Suppose 2*d + 2*i = -250, 3*i = 2*d + 323 - 83. Is 2*-3*d/9 prime?
False
Suppose -5*q + 0*q - 10 = 0, 3*r + q = -2. Is (1 + r)*(134 - 3) composite?
False
Suppose -a + 31 = 143. Is -3 - a/((-6)/(-3)) prime?
True
Let s(k) = k**2 + 6*k + 7. Let c be s(-5). Suppose -j - c*j = -285. Is j prime?
False
Is (1 + 2/(-3))/((-4)/(-1692)) composite?
True
Let z(p) = 3*p + 2. Let u be z(-3). Let b(s) = -s**3 - 2*s**2 - 9*s - 10. Is b(u) a prime number?
False
Let h(o) = o - 4. Let g be h(7). Let k(w) = -3*w**2 - 6*w + 1 + 2*w**3 - w**g + 0*w**3. Is k(5) a composite number?
True
Suppose -2*k = -4*k, -3*t - 4*k + 1257 = 0. Is t a composite number?
False
Let v = 8 - 12. Suppose -r = -4*r + 6. Is r/v*-6 - -23 prime?
False
Suppose 6*g - g - 275 = 0. Is g a prime number?
False
Is (-16)/72 + (-32710)/(-18) prime?
False
Let w(n) = -65*n - 9. Let i be w(-7). Suppose i = -o + 3*o. Is o composite?
False
Suppose 0 = 5*t - 179 - 156. Suppose 3*d - t = 2*z + 37, -z = -4*d + 142. Let i = d + 11. Is i composite?
False
Let z = 5 + -3. Let v be (z - 0) + -1 - -3. Suppose -v*w + w + 363 = 0. Is w prime?
False
Suppose -5*w + 207 = 32. Suppose 3*j - w = 3*c + 187, c = -3*j + 242. Is j prime?
True
Let g be (-1)/(((-3)/(-39))/(-1)). Suppose 2*x + y - 9 = 8, -4*x + g = -5*y. Is x a prime number?
True
Suppose -2*c + 6 = 2*n - c, 5*n - 5*c - 15 = 0. Is 3 + -1 - (-2871)/n composite?
True
Let g(t) = -t**2 + 2*t + 1. Let x be g(2). Let z be 3/(x*-6)*-34. Let d = z + 29. Is d composite?
True
Let t(f) = -f + 1